 + 0*w = 173. What are the prime factors of s?
3, 11
Let u be 8/(-28) + 37542/(-21). Let q be (((-30)/(-3))/(-1))/(24/u). Suppose -10*w + 5*w = -q. What are the prime factors of w?
149
Let d = 38 - 28. Suppose -s = s - d. Suppose -s*k = -3*w + 44 + 58, -3*w + 3*k = -102. List the prime factors of w.
2, 17
Suppose 91*u - 6075675 = 31*u - 1712955. What are the prime factors of u?
2, 61, 149
What are the prime factors of 5/40 - 2126/6*(-13365)/440?
47, 229
Let r be (-141536)/(-128) + (-2 - 9/(-4)). Suppose -396 + r = 5*d + 5*a, -5*d + a = -728. What are the prime factors of d?
5, 29
Suppose 5*w - 4*h - 76379 = 0, 5*w - 2*h - 63111 = 13276. What are the prime factors of w?
3, 11, 463
Let f(y) = -y**3 + 10*y**2 - 11*y + 20. Let m be f(9). Let s(i) = -m*i - 2*i**2 + 15*i**3 - 4*i**3 - 4*i**3. What are the prime factors of s(3)?
3, 5, 11
Let f(k) = -k**2 - 6*k + 57. Let c be f(-11). Suppose -2*r - 340 = -4*p, 126 = c*p - 2*r - 40. List the prime factors of p.
3, 29
Suppose 0 = -r - 16*r + 4182. Let o = 436 - r. List the prime factors of o.
2, 5, 19
Let g be (-1*(-4 + 0))/((-7)/(-14)). Suppose -417 = g*j - 9*j. List the prime factors of j.
3, 139
Suppose -5*n + 3*d = -90069, 66*n + 2*d = 69*n - 54040. What are the prime factors of n?
2, 3, 7, 11, 13
List the prime factors of (1 + -218)*(-14 - (-8990)/(-203)).
2, 3, 17, 31
Let l(m) = 13*m**3 - 12*m**2 + 70*m - 465. What are the prime factors of l(8)?
31, 193
Let i = 662 + 117. Let p = 22 + i. List the prime factors of p.
3, 89
Let a be 86/(-817) + 8090/(-38). Let m = 378 + a. List the prime factors of m.
3, 5, 11
Suppose 5*b = -25, 0 = -2*g - g + 5*b - 32. Let p = g - -21. Suppose 5*i = u - 91, 0 = -3*u + p*u + 3*i + 97. List the prime factors of u.
2, 53
Let l be ((-8)/(-20))/2 - 19/(-5). Let j be 47*(-5)/(-45) - l/18. Suppose -520 = -j*k - 3*k. What are the prime factors of k?
5, 13
Let x(i) = 2*i**3 - 9 + 10*i**2 - i - 3*i**3 + i - 8*i. Let d be x(9). Suppose 0*a - a + 240 = 4*c, -c + 4*a + 43 = d. What are the prime factors of c?
59
Let l(k) = 0*k + 9 + 12*k**2 + 8*k**3 + 5*k - 9*k**3. Let f be l(10). Suppose 161 = 6*n - f. What are the prime factors of n?
2, 5, 7
Suppose 14 = -2*a + 6*a - 2*j, 5*a - 3*j - 19 = 0. Suppose 0 = -2*f - a*c + 302, 15 = -2*f - 3*c + 318. List the prime factors of f.
2, 3, 5
Let x(s) be the first derivative of -47*s**2/2 + 11*s + 51. List the prime factors of x(-1).
2, 29
Let a = 2069 + 158. Suppose -5*l = 527 - a. List the prime factors of l.
2, 5, 17
Let q = -3960 + 12934. Suppose 8*t - q = -598. What are the prime factors of t?
3, 349
Let u = -4905 + 39428. What are the prime factors of u?
19, 23, 79
Let p(x) be the third derivative of 0*x - 10*x**2 - 1/2*x**3 - 1/24*x**4 + 0 + 2/5*x**5. What are the prime factors of p(2)?
7, 13
Suppose 0 = 4*m + 2*g + 10, -3*g = m - g - 2. List the prime factors of -3 - (-3 + m) - -102.
2, 53
Suppose 4*u - 120 = 76. Let l = 52 - u. Suppose 0 = -2*d + q + 4*q + 401, -l*d = 4*q - 613. List the prime factors of d.
7, 29
Let i be -767*(6 - 56/8). Suppose -3*p = -5*m - 927, 149 = -2*p - 5*m + i. What are the prime factors of p?
3, 103
List the prime factors of -135737*264/(-1932) + (0 - 4/(-46)).
2, 4637
Let a(w) = 2*w**2 + 6*w - 20. Let p be a(-5). Suppose p = 27*u - 2*u - 9050. What are the prime factors of u?
2, 181
Suppose 6*z - 5*z - 5*y - 29 = 0, z - y = 33. Let c be z*21*(-1)/(-2). Suppose -3*h = -2*o + 2*h + 238, -c = -3*o - 2*h. What are the prime factors of o?
7, 17
Suppose -325273 = -24*z - 47*z - 23594. What are the prime factors of z?
7, 607
Suppose 0 = -2*c - 2, 3 = 2*x - 2*c + 113. List the prime factors of (700/x)/((-2)/24 - 0).
2, 3, 5
Let s(d) = 33*d**3 + 15*d**2 - 32*d - 15. Let y be s(7). Suppose -25*a + y - 2765 = 0. List the prime factors of a.
2, 181
Suppose 0 = 18*k + 73 - 703. Let m = 82 - k. What are the prime factors of m?
47
Let z(y) = -37*y + 219. Let j be z(7). What are the prime factors of (-2 + -2)*(36750/j)/5?
3, 5, 7
Let u be 10/(-6)*(-10 - (2 - 6)). Suppose 0 = 4*t - 7*l + u*l - 3943, 0 = -3*t - 3*l + 2961. What are the prime factors of t?
2, 491
Suppose 5*g + 83 = 603. Let f = -36 + g. Suppose -3*v = -5*d - 261 - f, -4*d = -5*v + 544. List the prime factors of v.
2, 3
Let w(x) = 232*x - 3. Suppose -14 = -15*l + 10*l - i, -10 = -3*l - i. List the prime factors of w(l).
461
Let d be (0/(2 + -4))/(-1). Let h(n) = -10*n + 95. List the prime factors of h(d).
5, 19
Let a be ((-4)/6 - -2)*(-8 + 32 - 9). Let f = 63 + -290. Let x = a - f. What are the prime factors of x?
13, 19
Let t(g) = 19*g + 7. Let i be (-15)/18*-16*3. Let r = -36 + i. What are the prime factors of t(r)?
83
Suppose -1399288 - 2557952 + 1248315 = -95*c. What are the prime factors of c?
3, 5, 1901
Suppose 0 = -114*n - 50*n + 147928. List the prime factors of n.
2, 11, 41
Let u be (-2)/15 - (-1526)/(-30). Let o = 8 - u. What are the prime factors of o?
59
Suppose 0 = -24*y + 10*y + 21238. List the prime factors of 6/18*(-1 - y)/(-2).
11, 23
Suppose -2087*c + 649349 = -1029*c - 1041*c. What are the prime factors of c?
38197
Let b be (0*1/2)/(-34 + 29). Suppose -5*q + 4*f + 876 + 2829 = 0, b = 2*q - 3*f - 1489. List the prime factors of q.
11, 67
Suppose -235 = 12*c - 679. Suppose -6 = -c*v + 38*v. What are the prime factors of (2240/21)/5 - (-2)/v?
3, 7
Let b = 1790 - -546. What are the prime factors of b?
2, 73
Suppose 198*s = 205*s - 106890. Suppose 3*u + 7*u = s. List the prime factors of u.
3, 509
Suppose -3*x = 2*z - 5, 3*z - 6*z - 2*x - 5 = 0. List the prime factors of -1*142/5*z.
2, 71
List the prime factors of (-3 + 552)/(22/726).
3, 11, 61
Let b = -18976 - -45292. List the prime factors of b.
2, 3, 17, 43
Let q(d) = -d**3 + 22*d**2 - 3*d + 24. Let f(a) = 9*a**2 + 8*a. Let k be f(-2). What are the prime factors of q(k)?
2, 191
Let k(t) = -t**3 - 4*t**2 + 7*t + 46. Let i be k(-8). What are the prime factors of (3*1)/(i/131446)?
7, 229
Let h(c) = 10*c**3 + 3*c**2 - 146*c. List the prime factors of h(12).
2, 3, 5, 7, 19
Let r(c) be the third derivative of c**5/60 - 7*c**4/24 - 7*c**3/2 + 92*c**2. List the prime factors of r(32).
19, 41
What are the prime factors of 64786/2 + -35 + 1 + 33?
2, 4049
Let t(q) = 16*q**2 - 342*q - 479. What are the prime factors of t(71)?
5, 7, 1597
List the prime factors of (-21)/((-1050)/125)*(1 - -2531) - -8.
2, 3169
Let r(g) = -g**3 + 3*g**2 + 6*g. Let u(n) = -n - 15. Let k be u(-11). Let h be r(k). Let j = 132 - h. What are the prime factors of j?
2, 11
Let k be 5/(-1 - (-21)/14). What are the prime factors of 5742/k - ((-156)/(-30) - 6)?
5, 23
Let l(a) = 10*a**2 - a + 1. Suppose 13*d = 17*d. Suppose 0 = -d*q - 4*q + 2*c + 16, 12 = -3*c. List the prime factors of l(q).
3, 13
Let b = -169 - 421. Let n = -310 - b. Suppose 3*j + 5*p - 136 - n = 0, 5*j - 5*p - 760 = 0. List the prime factors of j.
3, 7
Let n = 70 - 68. Suppose 0 = 5*v + y - 61, -3*v + v - n*y = -18. List the prime factors of (0/(-4) + 9)*v.
3, 13
Suppose 0 = 11*t + 3288 - 11824. Let p = t - 462. What are the prime factors of p?
2, 157
Suppose -15647 = 5*r - 5*p - 273667, 2*r - 3*p = 103207. What are the prime factors of r?
5, 10321
Suppose 0 = -n - 2 + 4. List the prime factors of n/2 - (-15 - 130).
2, 73
List the prime factors of (4920/(-48) - -27)*(-94)/1.
47, 151
Let z(k) = k**2 + 4*k + 4. Let l be z(-4). Suppose -t + 846 = -l*t. List the prime factors of (-2 + t/(-12))*(0 + 2).
43
Let s = -171 + 87. Let d = 95 + s. Let y(f) = 14*f - 13. What are the prime factors of y(d)?
3, 47
Let b(i) = -9*i**2 + 8*i - 63. Let j(n) = -2*n**2. Let z(g) = b(g) - 5*j(g). What are the prime factors of z(-28)?
7, 71
Suppose 4*s + 72 = 4*n - 0*s, -20 = -n + 3*s. Let t(j) = -j**3 + 18*j**2 + 21*j + 54. List the prime factors of t(n).
2, 5, 7
Let f = 72 - 60. Suppose 6*b + 3*p + 14 = b, 3*b - 5*p = f. What are the prime factors of (-6 + -125 - -1)/(0 + b)?
2, 5, 13
Let u(b) = 177*b + 72. Let d be u(5). Suppose -4*c + 1493 = -p - d, -c = -5*p - 603. List the prime factors of c.
613
Let n(b) = -29785*b**3 - 6*b**2 - 14*b - 6. List the prime factors of n(-1).
3, 9929
Let a = -169 + -448. Let p = -201 - a. List the prime factors of p.
2, 13
Let g be -3 + 348/6 + 6. Suppose g*c - 59*c - 756 = 0. List the prime factors of c.
2, 3, 7
Suppose 0 = 41*i - 511853 - 1977